2 - 7*q + 4. Give i(v).
8
Let z(x) = x**3 - 5*x**2 + 4*x. Let a(c) = -3*c**3 + 2*c**2 + c. Let r be a(-1). Let h be z(r). Let l(m) = m**2 + m - 18. What is l(h)?
-18
Let v(q) = -7 + 3 + 3 - 3 + q**2. Calculate v(4).
12
Let j(m) = -m**2 + 2. Let x = 42 + -17. Suppose -2*n + x = 3*n. Suppose 21 - 6 = -n*r. Calculate j(r).
-7
Let i(m) be the first derivative of m**4/4 + 2*m**3 - 3*m**2/2 - 4*m - 40. What is i(-6)?
14
Let u(h) = 3*h**3 + h**2 - h. Suppose -5*p + 5 = -0. Calculate u(p).
3
Suppose 5*a + 0*a = 0. Let p(d) = a*d + 4*d - 6 - d. Determine p(5).
9
Let l(q) = q. Let d be l(6). Let g(s) = -s**3 + 1 - 4*s - 7 + 2 + 7*s**2 - s. Give g(d).
2
Let h(t) = -2*t - 15. Let r be 3/(-12)*5*(-3 - -11). Give h(r).
5
Let k(l) = -2*l**3 + 3*l**2 - 2*l - 2. Let v be -18 - -21 - (0 + 1). Determine k(v).
-10
Let i(p) = p. Let s(l) be the first derivative of l**3/3 - l**2 - 5*l + 1. Let b be s(-4). Suppose 4*n + b = 3. Determine i(n).
-4
Let u(m) = -m**3 + 13*m**2. Let z be u(13). Let b(w) be the third derivative of 2*w**2 - 2/3*w**3 + 0 + 0*w**4 + z*w**5 - 1/120*w**6 + 0*w. Calculate b(0).
-4
Let z(o) be the third derivative of o**5/60 - o**3/6 - 15*o**2. What is z(1)?
0
Let v(f) = -f + 4. Let i = 6 + -2. Let r = 1 + 6. Suppose -i*w - r = 9. Give v(w).
8
Let g(l) = l**2 - 6*l + 3. Let q(v) = -v**2 - 9*v - 8. Let f be q(-8). Suppose 2*w = t - 0*w + 8, 4*t + 2*w - 18 = f. Give g(t).
-5
Let s(m) = -m**3 + 11*m**2 + 4*m - 1. Let p(h) = h**3 - 10*h**2 - 5*h + 2. Let n(u) = 4*p(u) + 3*s(u). Give n(8).
5
Let b(s) = -s. Let i(r) = 2*r + 4. Let x(d) = 3*b(d) + i(d). Determine x(4).
0
Let l = 9 - 5. Let c(b) = -l*b**2 - 2*b + b + 14*b**2. Give c(-1).
11
Let x(u) = 3*u + 1. Suppose 2*i = 3*i + 8. Let r be i/(-44) - (-114)/(-22). Let l be (1 - 1) + r/(-5). Give x(l).
4
Suppose 0 = -3*n - 3*c - 3 + 21, 5 = n + 2*c. Let h(i) = -i**3 + 7*i**2 + 2. What is h(n)?
2
Let j(m) = 2*m - 3. Suppose -2*c + 5*c = 12. Calculate j(c).
5
Let f(k) = k**3 + 5*k**2 + 3*k - 1. Suppose 3*q - 184 = -196. Give f(q).
3
Let c(y) = y**2 + 5*y + 6. Suppose 3*v + 0*v - n + 43 = 0, -n - 41 = 3*v. Let s = 10 + v. Give c(s).
2
Suppose 2*i - 28 = -4*w, 2*w = 5*i - 1 - 9. Suppose -3*x + 3 = 3*p, -w*p = -3*p - 4*x + 16. Let g(r) = -1 + 2 + 5*r - 6*r. Give g(p).
3
Let c(u) = -8*u**3 + u**2 + 2*u + 1. Let v = -7 - -11. Suppose 5*y + 1 = -v. Determine c(y).
8
Let o(t) = 3*t + 3. Let p(n) = -n**2 + 11*n - 25. Let c be p(9). Determine o(c).
-18
Let q(c) = c**3 + 3*c**2 + 4*c + 2. Let g(v) = -v - 4. Let h be g(-7). Let o(z) = -z**3 + 2*z + 0*z**h - 2*z**2 - 2*z**2 + 6. Let w be o(-4). Calculate q(w).
-2
Let o(j) = -3*j**3 - 27*j**2 - 27*j - 12. Let c(h) = -2*h**3 - 18*h**2 - 18*h - 8. Let z(t) = -7*c(t) + 5*o(t). Calculate z(-8).
4
Suppose 2*u + 12 = -u, 3*p + 4*u + 1 = 0. Suppose 0 = -y - 2*d - 5, 4*y = -2*d + 2 + 2. Let f(n) = -6*n + n**2 - 4*n**2 + p*n**2 - y*n**2 - 2. Give f(-6).
-2
Let z be 4/(-6) - 62/(-3). Suppose 6*v = v - z. Let r(k) be the first derivative of k**3/3 + 2*k**2 - 4*k + 1. Give r(v).
-4
Let u(p) = -2*p**2 - 15*p + 2. Let m(a) = 3*a**2 + 29*a - 5. Let w(x) = -3*m(x) - 5*u(x). What is w(10)?
-15
Let f(x) = -x + 7. Let k = -34 - -57. Let h = 13 - 8. Suppose -q = h*b - 31, 2*b + q = -10 + k. Calculate f(b).
1
Let t(v) be the third derivative of 1/2*v**3 + 1/120*v**6 + 0 + 0*v - v**2 + 1/12*v**4 + 1/15*v**5. Let c be 3*2/6*-4. What is t(c)?
-5
Let n(t) = -t - 10. Let m be 8/(4/(2 - 6)). Give n(m).
-2
Let t(l) = 2*l - 7. Suppose 38 = 10*x - 32. Calculate t(x).
7
Let b(p) = 1. Let h(m) = -m**2 + 7*m. Let z(r) = 3*b(r) + h(r). Calculate z(7).
3
Let v(d) = d**3 + 8*d**2 + 9*d + 7. Let l = -72 + 65. Give v(l).
-7
Let v = 4 - 4. Let i be (0 + v)/((-1)/(-1)). Suppose -m + 4*u + 4 = -i, 3*u - 2 = 2*m. Let c(j) = j**2 + 4*j - 2. What is c(m)?
-2
Let i(v) = -v**2 + 1 + 0 - 3 + 1. What is i(1)?
-2
Let m(s) = s**2 - s - 1. Let j = 40 - 38. Determine m(j).
1
Let s(m) = 3*m - 22. Let k be s(9). Let a(v) be the second derivative of v**5/20 - 5*v**4/12 + v**3/3 + 3*v**2/2 + 4*v. Determine a(k).
13
Let u be (3 - 4/1)*0. Let l(d) = d**2 - d + 9. Give l(u).
9
Let n(p) = 2*p + 3 - p - 4. Let s(l) = 2*l**2 - 3*l + 6. Let z(q) = -5*n(q) - s(q). Let k be 2/2 - 12/4. Determine z(k).
-5
Let z(m) = -m + 2. Let f(n) = n**3 + 15*n**2 + n + 13. Suppose 2*j = 6, -3*j - 4 - 2 = r. Let b be f(r). Give z(b).
4
Let s(c) = -c - 11. Let k(p) = -p**3 - 3*p**2 + 8*p + 7. Let b be k(-4). Give s(b).
-2
Let i(o) = -o**2 + o - 1. Let d(h) = -7*h**2 - 5*h + h + h + 3 + 6*h**2. Let u(t) = d(t) - 2*i(t). What is u(6)?
11
Suppose -4*a - 1 = -9. Let i(w) = 6*w**2 - 3*w + 1. Calculate i(a).
19
Suppose -v + 5*a = 17 - 71, -4*v = -a - 140. Let b be (-2)/5 - v/(-10). Let s(u) = -3*u. Let n(w) = 3*w - 1. Let d(m) = -4*n(m) - 3*s(m). Give d(b).
-5
Let z(h) = -13*h**3 - h**2 + 16*h - 3. Let b(j) = 3*j**3 - 4*j + 1. Let r(l) = -9*b(l) - 2*z(l). Suppose -10*c = -9 - 21. What is r(c)?
0
Let q(c) be the first derivative of 13*c**3/3 + c**2/2 - 8. Give q(-1).
12
Suppose 4*o - 5*a = -a - 4, 2*a + 6 = 0. Let c(f) be the first derivative of 5*f - 1 + 1/2*f**2. Calculate c(o).
1
Let v be (12/(-14))/(11/(-154)). Let g be 496/96 + (-2)/v. Let u(z) be the second derivative of -z**4/12 + 5*z**3/6 - z**2 - z. Give u(g).
-2
Let i(n) = n**3 - n**2 - 3*n - 4. Let q be i(3). Let j = q - 6. Let t(c) = -c**3 - c - 1. Give t(j).
1
Let v(w) = -3 + 4*w + 2*w**2 - 2 + 3 - 1 - w**3. Calculate v(2).
5
Let g = -1 - 1. Let v(l) = -6*l - 3. Calculate v(g).
9
Let x(b) = -2*b**2 + 3*b - 1. Let z(j) = -8*j**2 + 13*j - 5. Let h(f) = 18*x(f) - 4*z(f). Determine h(2).
-10
Let x(j) = -2 + 3 + 0*j**2 - 3*j**2. Suppose 0 = o + 3*g - 17, 5*g - 33 = -3*o - o. Suppose o*q + 3 = -5*t, 8*q = -4*t + 3*q - 16. Calculate x(t).
-2
Let x(i) = -11*i - 9. Let k(c) = 5*c + 4. Let h(q) = 5*q - 1. Let j be h(2). Let w(f) = j*k(f) + 4*x(f). Calculate w(0).
0
Suppose -z + 2*n + 9 = -2*n, -z + 5*n = -10. Suppose -5*r + 5 + z = 0. Let t(k) = 11*k**2 + k**3 - 7*k**r + 0*k + 2*k. Give t(-2).
4
Suppose 3*k = -g - 0*k, 3*g = -k + 8. Let s = 5 + -4. Let a(y) = 4*y - y - 5*y + s. What is a(g)?
-5
Let z(g) = g**3 - 7*g**2 + g - 2. Let o be z(7). Let u(a) = 3 - a**3 + 3*a**2 + a - 2*a + 2*a**2. What is u(o)?
-2
Suppose 2*s - 2*l = 7*s - 13, -5*l = -s + 8. Let w(c) = c**s - c**2 + 3 + 2*c**2 + 2*c**2 - 10*c**2. Calculate w(7).
3
Let g(d) = -d**3 + d**2 + d - 2. Let h be g(0). Let j(z) be the third derivative of z**6/120 - z**4/8 - z**3/3 + 36*z**2. Give j(h).
-4
Let m(p) = -9*p + 3*p + 1 + 5*p. What is m(-6)?
7
Let d(t) = t - 1. Let j be d(5). Let s(h) = 1075 + 2*h - 1075. Determine s(j).
8
Let i be ((-7)/7)/(1/(-2)). Let w(d) = -5*d + 4*d - 2*d**2 - d**i + d**3 + 4*d**2 - 3. What is w(0)?
-3
Let j(x) be the second derivative of x**4/12 - 5*x**3/6 + x**2 + 13*x. What is j(3)?
-4
Let d(u) = -5*u**3 + 3*u**2 + 14. Let w(i) = 6*i**3 - 4*i**2 - 14. Let y(c) = 5*d(c) + 4*w(c). Calculate y(0).
14
Let y(o) = -9*o**3 + o. Suppose -2*m + 5*m = 2*k - 1, -4*k + 5*m = -1. Determine y(k).
8
Let z(k) be the third derivative of -5*k**4/24 + 50*k**2. Give z(3).
-15
Let y(v) = -8*v - 6*v**2 + v**2 + 4*v**2 + 1. Give y(-7).
8
Suppose -6 = s - 4*s. Let x(r) = r**3 - 2*r**2 - 2*r - 1. Let q be x(3). Let u be 1 - (s - 0/q). Let m(v) = -4*v + 1. Give m(u).
5
Let i(k) = -k**3 + 6*k**2 - k + 7. Let b be i(6). Let q(v) = -73*v + 68*v + 45 - 44. Give q(b).
-4
Let o(t) be the second derivative of -t**5/20 - t**4/4 + 2*t**3/3 + 5*t**2/2 - 9*t. Calculate o(-4).
5
Let s(l) be the third derivative of l**5/60 + l**4/8 - 2*l**3/3 - 44*l**2. Give s(-5).
6
Let f(i) = -i**2 - i - 1. Let j(u) = 9*u**2 + 3*u + 2. Let y(b) = 2*f(b) + j(b). Give y(-1).
6
Let c(d) = 4*d**2 + 7*d + 3. Let g(u) = -3*u**2 - 6*u - 2. Let v(i) = -2*c(i) - 3*g(i). Let w be (-2)/(2*(-1)/(-5)). Determine v(w).
5
Let c(y) = 13*y - 21*y + 3*y - 3 + 0. Let j(v) = v**3 + 5*v**2 - 5*v + 4. Let s be j(-6). What is c(s)?
7
Let y(t) = -3*t**2 + 2*t + 1. Let d be y(-1). Suppose 4*n = 4*c + 32, 41 - 11 = 5*n - 3*c. Let b(o) = -1 + n*o + 4*o - 3*o - 3*o. What is b(d)?
-5
Let v(k) be the first derivative of k**4/4 + 7*k**3/3 + 5*k**2/2 + 3*k + 9. Determine v(-6).
9
Let f(w) = -3 - 3*w - 1 - 1. Suppose -5*z = -3*n + 29, -n = 5*z + 2*n + 11. Determine f(z).
7
Let g(x) be the first 